it of 137745925?
7
What is the units digit of 772527316?
6
What is the ten millions digit of 43487240?
4
What is the millions digit of 109669877?
9
What is the units digit of 583365637?
7
What is the ten thousands digit of 19857332?
5
What is the hundred thousands digit of 97699101?
6
What is the hundred thousands digit of 1032621914?
6
What is the units digit of 1956451641?
1
What is the millions digit of 5279638315?
9
What is the tens digit of 93275926?
2
What is the thousands digit of 176498009?
8
What is the hundreds digit of 685658920?
9
What is the tens digit of 153156337?
3
What is the ten millions digit of 226884951?
2
What is the millions digit of 38665831?
8
What is the units digit of 315755533?
3
What is the tens digit of 17658879?
7
What is the ten millions digit of 288490871?
8
What is the millions digit of 285816068?
5
What is the tens digit of 1618127987?
8
What is the ten thousands digit of 50938563?
3
What is the hundred thousands digit of 247895320?
8
What is the thousands digit of 219235156?
5
What is the hundred millions digit of 197080619?
1
What is the thousands digit of 38675325?
5
What is the units digit of 36512870?
0
What is the ten millions digit of 281601032?
8
What is the tens digit of 4651006643?
4
What is the tens digit of 37876601?
0
What is the hundred thousands digit of 12239725?
2
What is the thousands digit of 2776859?
6
What is the hundred millions digit of 184699703?
1
What is the units digit of 94189181?
1
What is the units digit of 666114196?
6
What is the thousands digit of 47594059?
4
What is the ten thousands digit of 68600008?
0
What is the ten millions digit of 88839913?
8
What is the ten millions digit of 3513395661?
1
What is the hundreds digit of 2377690410?
4
What is the billions digit of 1431709633?
1
What is the tens digit of 798553476?
7
What is the ten millions digit of 132544927?
3
What is the hundred thousands digit of 802850?
8
What is the units digit of 2360787099?
9
What is the billions digit of 1503877725?
1
What is the millions digit of 2650669216?
0
What is the units digit of 10559732?
2
What is the hundred millions digit of 159911595?
1
What is the ten millions digit of 5384743023?
8
What is the hundred thousands digit of 1224085971?
0
What is the ten millions digit of 75236575?
7
What is the units digit of 49022442?
2
What is the hundred millions digit of 124800945?
1
What is the hundreds digit of 138228139?
1
What is the millions digit of 25322580?
5
What is the millions digit of 533783864?
3
What is the thousands digit of 139602806?
2
What is the tens digit of 172183689?
8
What is the millions digit of 32392755?
2
What is the hundreds digit of 111746413?
4
What is the thousands digit of 41591418?
1
What is the hundred thousands digit of 168165099?
1
What is the ten thousands digit of 351604211?
0
What is the ten thousands digit of 128524589?
2
What is the tens digit of 1420686852?
5
What is the ten millions digit of 97047222?
9
What is the millions digit of 1854114438?
4
What is the tens digit of 1088576652?
5
What is the tens digit of 127632783?
8
What is the millions digit of 52783282?
2
What is the units digit of 426129920?
0
What is the hundreds digit of 15167225?
2
What is the hundred thousands digit of 192597462?
5
What is the hundreds digit of 1535879?
8
What is the ten thousands digit of 140973233?
7
What is the tens digit of 1325777996?
9
What is the thousands digit of 66770726?
0
What is the hundred millions digit of 4247962837?
2
What is the tens digit of 103142534?
3
What is the ten millions digit of 43189442?
4
What is the ten millions digit of 47466471?
4
What is the hundred thousands digit of 385654387?
6
What is the hundred millions digit of 286498458?
2
What is the hundreds digit of 229722163?
1
What is the thousands digit of 2624097550?
7
What is the hundred millions digit of 7153721699?
1
What is the hundreds digit of 3622298501?
5
What is the millions digit of 15281945?
5
What is the tens digit of 6291468?
6
What is the units digit of 69007247?
7
What is the hundreds digit of 34999037?
0
What is the tens digit of 15488817?
1
What is the millions digit of 557993344?
7
What is the hundreds digit of 8458135?
1
What is the hundred millions digit of 1599471202?
5
What is the units digit of 108166780?
0
What is the billions digit of 3005571733?
3
What is the ten millions digit of 4932112195?
3
What is the millions digit of 238936912?
8
What is the tens digit of 2117414089?
8
What is the tens digit of 150524727?
2
What is the ten thousands digit of 1349206291?
0
What is the ten thousands digit of 121475617?
7
What is the units digit of 77886276?
6
What is the millions digit of 17723864?
7
What is the thousands digit of 2805588016?
8
What is the units digit of 52553355?
5
What is the tens digit of 49961003?
0
What is the ten thousands digit of 64621402?
2
What is the ten millions digit of 54815870?
5
What is the millions digit of 74700234?
4
What is the hundreds digit of 8791859?
8
What is the ten thousands digit of 1837445718?
4
What is the units digit of 150818254?
4
What is the thousands digit of 18855026?
5
What is the units digit of 396172952?
2
What is the ten millions digit of 1396088641?
9
What is the hundred thousands digit of 777508028?
5
What is the units digit of 11822690?
0
What is the ten thousands digit of 1329250769?
5
What is the ten thousands digit of 54869414?
6
What is the ten thousands digit of 205181651?
8
What is the ten millions digit of 80614956?
8
What is the tens digit of 1809082600?
0
What is the tens digit of 1221043017?
1
What is the units digit of 963693549?
9
What is the ten thousands digit of 2278094233?
9
What is the tens digit of 337161063?
6
What is the ten thousands digit of 3150086814?
8
What is the ten thousands digit of 388312355?
1
What is the millions digit of 13083674?
3
What is the units digit of 65992426?
6
What is the thousands digit of 733697127?
7
What is the tens digit of 179770466?
6
What is the hundred thousands digit of 90755523?
7
What is the hundred thousands digit of 7320188?
3
What is the units digit of 113304855?
5
What is the hundred thousands digit of 811076027?
0
What is the hundred thousands digit of 190253132?
2
What is the millions digit of 42874430?
2
What is the millions digit of 401658712?
1
What is the billions digit of 1665309081?
1
What is the tens digit of 3499165748?
4
What is the tens digit of 65624865?
6
What is the hundreds digit of 1175409979?
9
What is the thousands digit of 118586967?
6
What is the tens digit of 31601?
0
What is the units digit of 125046136?
6
What is the hundred millions digit of 137136688?
1
What is the hundred thousands digit of 59604896?
6
What is the tens digit of 5885196?
9
What is the millions digit of 100393175?
0
What is the billions digit of 1270867042?
1
What is the ten thousands digit of 149692531?
9
What is the hundreds digit of 60635211?
2
What is the hundred thousands digit of 78852525?
8
What is the hundreds digit of 2151268028?
0
What is the millions digit of 2614423?
2
What is the units digit of 169627025?
5
What is the ten thousands digit of 8237153249?
5
What is the units digit of 163080443?
3
What is the units digit of 567249024?
4
What is the hundred millions digit of 2937137465?
9
What is the tens digit of 396864375?
7
What is the thousands digit of 30826069?
6
What is the ten millions digit of 3418674821?
1
What is the thousands digit of 33469099?
9
What is the tens digit of 5406757373?
7
What is the thousands digit of 123016300?
6
What is the millions digit of 1030658712?
0
What is the tens digit of 4433745671?
7
What is the ten millions digit of 840146002?
4
What is the hundreds digit of 22971267?
2
What is the ten millions digit of 1225713091?
2
What is the millions digit of 105076397?
5
What is the tens digit of 353829118?
1
What is the hundred thousands digit of 4618744910?
7
What is the hundred thousands digit of 53514699?
5
What is the ten millions digit of 70753641?
7
What is the millions digit of 273341205?
3
What is the tens digit of 761622520?
2
What is the thousands digit of 40213743?
3
What is the hundred millions digit of 3354004625?
3
What is the hundred millions digit of 1229081171?
2
What is the ten thousands digit of 31744725?
4
